 highest common factor of 22 and l?
22
Let g = 35 - 25. Let q = -6 + g. Suppose -2*c = -4*f + 108, -c + 23 = f - q. Calculate the highest common divisor of 9 and f.
9
Let z be (-1 - -2) + 1*(-5 - -8). Suppose -z*d - 196 = -4*w, -5*w - 2*d = -4*w - 37. What is the highest common factor of 360 and w?
45
Let n(l) = -l**3 - 10*l**2 + 23*l + 9. Let u be n(-8). Let r = -199 - u. Calculate the greatest common divisor of r and 156.
52
Suppose 4*n = 9 - 1. Let u be n/(-3)*(-114)/2. Let l be 2 - ((-4)/(-8)*-194 + 4). What is the greatest common divisor of u and l?
19
Suppose 3*w - 7*l - 3 = -2*l, 4 = 4*w - l. Let q be 1 - -1 - (w + -83). Let x(g) = 3*g - 18. Let u be x(13). What is the highest common factor of u and q?
21
Let k = -578 + 343. Let t = -163 - k. Calculate the greatest common factor of 8 and t.
8
Let j(t) = 2520*t - 23. Let k be j(1). What is the greatest common divisor of 11 and k?
11
Suppose 5*j - 36 = j. What is the greatest common factor of 81 and j?
9
Let p = 3 + 57. Suppose 0 = a + 6 - 8. Let t(o) = 2*o**3 - 2*o**2 + 2*o. Let n be t(a). What is the highest common factor of p and n?
12
Suppose 5*w - h - 143 = 0, -4*w + h = -h - 112. What is the greatest common divisor of w and 87?
29
Suppose -15*k = -8*k - 203. Let c be (4*-2)/(6/(-183)). Let t = c + 17. Calculate the highest common divisor of t and k.
29
Let s(b) = -17*b**3 - 2*b**2 - 2*b - 1. Let x be s(-1). Let o = 318 - 310. What is the highest common divisor of x and o?
8
Suppose -34 = 4*v + 4*h + 14, -2*h = -2*v - 32. Let u be (-4)/(-10) + (-41752)/(-20). Let n be 2/v + u/63. Calculate the highest common divisor of n and 11.
11
Suppose -r + 75*r = 444. Let a be (2/(-5))/(1/(-35)). Calculate the greatest common factor of r and a.
2
Let w(k) = k**3 + 12*k**2 + 6. Let d be w(-12). Suppose d*y - 62 + 14 = 0. Calculate the greatest common divisor of 112 and y.
8
Let r be (32 - 4) + 1*5. Let p(g) = 2*g - 13 + 0*g - 4*g. Let v be p(-12). Calculate the highest common factor of r and v.
11
Let a = 15 + -2. Let x = -13 + a. Suppose -3*c + 4*b + 13 = x, 0 = -0*c - c + 4*b - 9. What is the greatest common divisor of c and 77?
11
Suppose 2*f + 8*b = 5*b + 88, -f - 5*b = -58. Calculate the highest common divisor of f and 209.
19
Let v(c) = 11*c + 183. Let f be v(22). Calculate the greatest common factor of f and 170.
85
Suppose 0 = 3*h - 12 - 15. Let s = h - 4. Suppose 3*y - 6*m = -3*m + 84, s*y - 4*m = 142. Calculate the highest common divisor of 10 and y.
10
Let n be 2/4 - 5/(-2). Let s(o) = 5*o + 7*o - 3 - 15*o. Let u be s(-6). What is the greatest common divisor of n and u?
3
Let s = 1042 + 68. What is the highest common factor of s and 30?
30
Let o(b) = b**2 - 4*b - 57. Let v be o(-12). What is the greatest common divisor of v and 120?
15
Let h(m) = -91*m**3 + 2*m**2 + 3*m - 4. Let k be h(1). Let c = -62 - k. Suppose -w + 13 + 1 = 0. What is the greatest common divisor of w and c?
14
Let h(x) = 15*x - 3. Let g be h(4). What is the greatest common divisor of 38 and g?
19
Suppose -5*f + 2*o - 10 = 0, f - 9 - 1 = -2*o. Suppose 3*s - 2*s - 44 = f. Let k be s/6 - 6/(-9). Calculate the highest common divisor of 20 and k.
4
Suppose -334 = 7*y - 502. Calculate the greatest common factor of y and 114.
6
Let u = 18 + 10. What is the greatest common divisor of 7 and u?
7
Let w(y) = 29*y**3 + 2*y**2 - 1. Let j be w(-1). Let d = 34 + j. What is the highest common divisor of d and 42?
6
Suppose 13*f + 2*f = 540. What is the highest common factor of f and 8?
4
Let z be 101 + (5 - 1)/(-4). Let k be -4 + -1 - 570/(-19). Calculate the greatest common divisor of z and k.
25
Let j be (-57)/(-5) + 0 + (-6)/(-10). What is the highest common divisor of j and 28?
4
Let q(r) = 2 + 7*r**3 + 3 - 12 + 6. Let v be q(1). Calculate the greatest common factor of v and 6.
6
Suppose -u + 124 - 24 = 2*f, -5*u + 2*f + 548 = 0. Suppose 17 = -3*l - 31. Let b be (-4 - l) + 4 + -4. What is the highest common factor of u and b?
12
Suppose -21*n = 17 + 4. Let t be n + (10/4 - 2/(-4)). Let l = 0 + 16. What is the highest common factor of t and l?
2
Let q(i) = i**2 - 7*i - 16. Let m = -4 + 11. Suppose -4*y + 37 = -m. Let t be q(y). Calculate the greatest common factor of 70 and t.
14
Let n(g) = 104*g**3 - g**2 + 2. Let d be n(1). Let x = -97 + d. Calculate the greatest common divisor of 20 and x.
4
Let j be 4/(-6) + 10496/192. Suppose r = -3*r + 12. Suppose z = r*d - 31, 0*d - 2*z = -5*d + 53. Calculate the highest common divisor of j and d.
9
Let x be (-8)/3*15/(-10). Suppose -j - 5*v + 38 = 0, 3*j - x*j + 3*v = 2. What is the greatest common factor of j and 104?
13
Let t be ((-144)/(-80))/(9/30). Calculate the greatest common factor of t and 234.
6
Let c be (-23 + 2)/(-3)*440/77. What is the greatest common divisor of c and 600?
40
Let h = 95 - 77. Suppose -9*m - h = -10*m. Calculate the greatest common divisor of m and 45.
9
Let u be (30/(-21))/((-432)/(-448) - 1). Calculate the highest common factor of 250 and u.
10
Let x = 5 - -6. Suppose -118 = -5*q - 4*t, -5*t = -14*q + 18*q - 98. Calculate the highest common factor of x and q.
11
Let p(l) = -l**3 + 32*l**2 - 57*l - 58. Let n be p(30). Let b(f) = -f**3 - 4*f**2 - 2*f - 4. Let v be b(-4). Calculate the highest common divisor of v and n.
4
Suppose 98 = t - 22. Calculate the greatest common divisor of t and 760.
40
Suppose 3*m + 15 = -0*m, -4*y + m = -4289. What is the highest common factor of y and 238?
119
Let g(d) = 6*d**2 - 6*d. Let m be g(6). Suppose -2*o = 3*o. Suppose -5*u = 5*n - 70, -4*n + 2*n - 8 = o. What is the greatest common divisor of u and m?
18
Suppose -10 = 2*f - 50. Let d be (5 - (33 - 8))/(-1). Calculate the highest common factor of d and f.
20
Let g be (-16)/(-56)*(-4 + 74). Let f be (3*-2)/((-6)/4). Let p = f + g. What is the highest common factor of 3 and p?
3
Let a be 11 + -12 + 49/(-2)*2. Let d = a - -62. Let c(b) = -b**3 + 8*b**2 + 2*b - 12. Let p be c(8). Calculate the highest common factor of p and d.
4
Let m be (-6)/(-14) - (-675)/(-105). Let l(g) = -g**3 - 7*g**2 - 8*g - 4. Let y be l(m). Calculate the highest common factor of 80 and y.
8
Let h = -292 + 306. What is the highest common factor of 14 and h?
14
Let o = 499 + -246. Calculate the greatest common factor of o and 22.
11
Let g be 2716/13 + 5/65. What is the highest common factor of g and 22?
11
Let c = 32 + -32. Suppose c*f + 5 = f. What is the greatest common factor of 15 and f?
5
Let q(t) = -14*t + 14. Let i be q(-5). Let y be (-15)/5 - (47 + 1). Let v = y - -72. What is the highest common factor of v and i?
21
Suppose d - 5*d + 2*r + 62 = 0, 0 = -d + 5*r + 38. Suppose 0 = 2*v - 103 - 1. What is the highest common factor of d and v?
13
Let h be -9*(-18 - -11) + (-5)/(-1). What is the greatest common divisor of h and 102?
34
Let c = -524 - -372. Let y = c + 90. Let q = y + 92. What is the highest common factor of 20 and q?
10
Suppose -131*s + 920 = -121*s. What is the highest common factor of s and 23?
23
Let r(l) = -4*l + 108. Suppose -4*a - 5 = 4*x + a, x - 1 = a. Let g be r(x). Calculate the greatest common factor of g and 12.
12
Let r(a) = -a**3 - 13*a**2 - 11*a + 16. Let n be r(-12). Suppose -4 = -w, -t + 2*w = n*t - 252. Calculate the highest common factor of t and 26.
26
Let q(d) be the first derivative of 3*d**2/2 + 9*d + 15. Let i be q(8). Suppose -3*p + b + 21 = 4*b, 8 = -2*b. Calculate the highest common factor of i and p.
11
Suppose 12*j - 882 = 1170. Calculate the highest common factor of j and 285.
57
Suppose -5*n + 21 = -4*n - 3*k, 5*n = -5*k + 5. Let x = -28 - -26. Let m = n - x. What is the greatest common divisor of 1 and m?
1
Suppose -5*s + 2*g - 90 = 0, -3*g + 57 = -2*s + 2*g. Let b be 17 + s/(-20)*5. Let u be 3*-2*7/(-2). Calculate the greatest common divisor of b and u.
21
Let a(h) = -h**3 - 11*h**2 + 5*h + 12. Let o be a(-12). What is the highest common factor of 6 and o?
6
Suppose 0 = 31*k - 27*k - 24. What is the highest common divisor of k and 66?
6
Suppose 0 = -0*s - s - 4. Let z = s + 4. Suppose -k + 15 + 39 = z. Calculate the greatest common factor of 18 and k.
18
Let t = 8 + 19. Suppose 0 = -5*b + u + 283, 0 = -3*b - 3*u + 186 - t. What is the highest common divisor of b and 8?
8
Let m(q) be the second derivative of q**4/2 - 5*q**3/6 + 3*q**2/2 + 17*q. Le